{"id":206,"date":"2017-09-07T14:05:11","date_gmt":"2017-09-07T14:05:11","guid":{"rendered":"http:\/\/demo.lion-coders.com\/wp\/hello\/?page_id=22"},"modified":"2023-11-06T16:00:12","modified_gmt":"2023-11-06T16:00:12","slug":"portfolio","status":"publish","type":"page","link":"https:\/\/isidrebartumeu.com\/?page_id=206","title":{"rendered":"PUBLICACIONS"},"content":{"rendered":"<p><section class=\"kc-elm kc-css-118354 kc_row\"><div class=\"kc-row-container  kc-container\"><div class=\"kc-wrap-columns\"><div class=\"kc-elm kc-css-422034 kc_col-sm-12 kc_column kc_col-sm-12\"><div class=\"kc-col-container\"><\/div><\/div><\/div><\/div><\/section><section class=\"kc-elm kc-css-434414 kc_row\"><div class=\"kc-row-container\"><div class=\"kc-wrap-columns\"><div class=\"kc-elm kc-css-204205 kc_col-sm-12 kc_column kc_col-sm-12\"><div class=\"kc-col-container\"><div class=\"block-content\">\r\n    <h3 class=\"block-title\">Publicacions<\/h3>\r\n    <div class=\"timeline education\">\r\n        <div class=\"row\">\r\n            <div class=\"col-md-12\">\r\n                <div class=\"exp-holder\">\r\n                                    \r\n                    <div class=\"exp\">\r\n                        <div class=\"hgroup\">\r\n                            <h4>Estudis de dret catal\u00e0. Llibre homenatge a Antoni Mirambell i Abanc\u00f3 \/<span>Atelier<\/span><\/h4>\r\n                            <h5>15Jul 2022<\/h5>\r\n                        <\/div>\r\n                                            <\/div>\r\n                                    \r\n                    <div class=\"exp\">\r\n                        <div class=\"hgroup\">\r\n                            <h4>La persona jur\u00eddica en el dret andorr\u00e0 Fonaments de dret privat andorr\u00e0. \/<span>Fundaci\u00f3 Juli\u00e0 Reig<\/span><\/h4>\r\n                            <h5>30Jun 2020<\/h5>\r\n                        <\/div>\r\n                                            <\/div>\r\n                                    \r\n                    <div class=\"exp\">\r\n                        <div class=\"hgroup\">\r\n                            <h4>Tratado del Derecho de sucesiones vigente en Espa\u00f1a y Andorra.<span>Thomson Reuters Aranzadi<\/span><\/h4>\r\n                            <h5>28may 2020<\/h5>\r\n                        <\/div>\r\n                                            <\/div>\r\n                                    \r\n                    <div class=\"exp\">\r\n                        <div class=\"hgroup\">\r\n                            <h4>Dret de successions. Fonaments de dret privat andorr\u00e0 \/<span>Fundaci\u00f3 Juli\u00e0 Reig<\/span><\/h4>\r\n                            <h5>1ene 2018<\/h5>\r\n                        <\/div>\r\n                                            <\/div>\r\n                                    \r\n                    <div class=\"exp\">\r\n                        <div class=\"hgroup\">\r\n                            <h4>La nova regulaci\u00f3 de la successi\u00f3 per causa de mort al Principat d\u2019Andorra; Llei 46\/2014, del 18 de desembre, de la successi\u00f3 per causa de mort \/<span>Revista Jur\u00eddica de Catalunya<\/span><\/h4>\r\n                            <h5>1ene 2016<\/h5>\r\n                        <\/div>\r\n                                            <\/div>\r\n                                    \r\n                    <div class=\"exp\">\r\n                        <div class=\"hgroup\">\r\n                            <h4>Introducci\u00f3 al sistema constitucional del Principat \/<span>Fundaci\u00f3 Juli\u00e0 Reig<\/span><\/h4>\r\n                            <h5>1ene 2010<\/h5>\r\n                        <\/div>\r\n                                            <\/div>\r\n                                    \r\n                    <div class=\"exp\">\r\n                        <div class=\"hgroup\">\r\n                            <h4>Empresa familiar i successi\u00f3 en l\u2019ordenament jur\u00eddic d\u2019Andorra \/<span>Empresa Familiar Andorra<\/span><\/h4>\r\n                            <h5>1ene 2008<\/h5>\r\n                        <\/div>\r\n                                            <\/div>\r\n                                    \r\n                    <div class=\"exp\">\r\n                        <div class=\"hgroup\">\r\n                            <h4>Perspectives del dret successori a Europa \/ Publicado por <span>Editorial Marcial Pons <\/span><\/h4>\r\n                            <h5> 1ene 2007<\/h5>\r\n                        <\/div>\r\n                                            <\/div>\r\n                                    \r\n                    <div class=\"exp\">\r\n                        <div class=\"hgroup\">\r\n                            <h4>Fran\u00e7ois Luchaire, un r\u00e9publicain au service de la R\u00e9publique \/<span>Publications de la Sorbonne<\/span><\/h4>\r\n                            <h5>1ene 2005<\/h5>\r\n                        <\/div>\r\n                                            <\/div>\r\n                                    \r\n                    <div class=\"exp\">\r\n                        <div class=\"hgroup\">\r\n                            <h4>Legislaci\u00f3 i jurisprud\u00e8ncia constitucional del Principat d\u2019Andorra \/<span>Fundaci\u00f3 Juli\u00e0 Reig<\/span><\/h4>\r\n                            <h5>1ene 2003<\/h5>\r\n                        <\/div>\r\n                                            <\/div>\r\n                                    \r\n                    <div class=\"exp\">\r\n                        <div class=\"hgroup\">\r\n                            <h4>L&#039;economia andorrana en el canvi de segle \/ Publicado por <span>Fundaci\u00f3 Juli\u00e0 Reig<\/span><\/h4>\r\n                            <h5>1ene 2001<\/h5>\r\n                        <\/div>\r\n                                            <\/div>\r\n                                <\/div>\r\n            <\/div>\r\n        <\/div>\r\n    <\/div>\r\n<\/div>\r\n<div class=\"row text-center\">\r\n    <div class=\"col-md-12 btn-email\">\r\n    \t<a class=\"btn lowercase\" href=\"mailto:notaria@notariabartumeu.com\">notaria@notariabartumeu.com<\/a>\r\n    <\/div>\r\n<\/div><\/div><\/div><\/div><\/div><\/section><section class=\"kc-elm kc-css-137636 kc_row\"><div class=\"kc-row-container  kc-container\"><div class=\"kc-wrap-columns\"><div class=\"kc-elm kc-css-941258 kc_col-sm-12 kc_column kc_col-sm-12\"><div class=\"kc-col-container\"><\/div><\/div><\/div><\/div><\/section><\/p>\n","protected":false},"excerpt":{"rendered":"","protected":false},"author":2,"featured_media":0,"parent":0,"menu_order":0,"comment_status":"closed","ping_status":"closed","template":"","meta":{"footnotes":""},"class_list":["post-206","page","type-page","status-publish","hentry"],"_links":{"self":[{"href":"https:\/\/isidrebartumeu.com\/index.php?rest_route=\/wp\/v2\/pages\/206","targetHints":{"allow":["GET"]}}],"collection":[{"href":"https:\/\/isidrebartumeu.com\/index.php?rest_route=\/wp\/v2\/pages"}],"about":[{"href":"https:\/\/isidrebartumeu.com\/index.php?rest_route=\/wp\/v2\/types\/page"}],"author":[{"embeddable":true,"href":"https:\/\/isidrebartumeu.com\/index.php?rest_route=\/wp\/v2\/users\/2"}],"replies":[{"embeddable":true,"href":"https:\/\/isidrebartumeu.com\/index.php?rest_route=%2Fwp%2Fv2%2Fcomments&post=206"}],"version-history":[{"count":38,"href":"https:\/\/isidrebartumeu.com\/index.php?rest_route=\/wp\/v2\/pages\/206\/revisions"}],"predecessor-version":[{"id":346,"href":"https:\/\/isidrebartumeu.com\/index.php?rest_route=\/wp\/v2\/pages\/206\/revisions\/346"}],"wp:attachment":[{"href":"https:\/\/isidrebartumeu.com\/index.php?rest_route=%2Fwp%2Fv2%2Fmedia&parent=206"}],"curies":[{"name":"wp","href":"https:\/\/api.w.org\/{rel}","templated":true}]}}

<p><section class="kc-elm kc-css-118354 kc_row"><div class="kc-row-container  kc-container"><div class="kc-wrap-columns"><div class="kc-elm kc-css-422034 kc_col-sm-12 kc_column kc_col-sm-12"><div class="kc-col-container"></div></div></div></div></section><section class="kc-elm kc-css-434414 kc_row"><div class="kc-row-container"><div class="kc-wrap-columns"><div class="kc-elm kc-css-204205 kc_col-sm-12 kc_column kc_col-sm-12"><div class="kc-col-container"><div class="block-content">
    <h3 class="block-title">Publicacions</h3>
    <div class="timeline education">
        <div class="row">
            <div class="col-md-12">
                <div class="exp-holder">
                                    
                    <div class="exp">
                        <div class="hgroup">
                            <h4>Estudis de dret català. Llibre homenatge a Antoni Mirambell i Abancó /<span>Atelier</span></h4>
                            <h5>15Jul 2022</h5>
                        </div>
                                            </div>
                                    
                    <div class="exp">
                        <div class="hgroup">
                            <h4>La persona jurídica en el dret andorrà Fonaments de dret privat andorrà. /<span>Fundació Julià Reig</span></h4>
                            <h5>30Jun 2020</h5>
                        </div>
                                            </div>
                                    
                    <div class="exp">
                        <div class="hgroup">
                            <h4>Tratado del Derecho de sucesiones vigente en España y Andorra.<span>Thomson Reuters Aranzadi</span></h4>
                            <h5>28may 2020</h5>
                        </div>
                                            </div>
                                    
                    <div class="exp">
                        <div class="hgroup">
                            <h4>Dret de successions. Fonaments de dret privat andorrà /<span>Fundació Julià Reig</span></h4>
                            <h5>1ene 2018</h5>
                        </div>
                                            </div>
                                    
                    <div class="exp">
                        <div class="hgroup">
                            <h4>La nova regulació de la successió per causa de mort al Principat d’Andorra; Llei 46/2014, del 18 de desembre, de la successió per causa de mort /<span>Revista Jurídica de Catalunya</span></h4>
                            <h5>1ene 2016</h5>
                        </div>
                                            </div>
                                    
                    <div class="exp">
                        <div class="hgroup">
                            <h4>Introducció al sistema constitucional del Principat /<span>Fundació Julià Reig</span></h4>
                            <h5>1ene 2010</h5>
                        </div>
                                            </div>
                                    
                    <div class="exp">
                        <div class="hgroup">
                            <h4>Empresa familiar i successió en l’ordenament jurídic d’Andorra /<span>Empresa Familiar Andorra</span></h4>
                            <h5>1ene 2008</h5>
                        </div>
                                            </div>
                                    
                    <div class="exp">
                        <div class="hgroup">
                            <h4>Perspectives del dret successori a Europa / Publicado por <span>Editorial Marcial Pons </span></h4>
                            <h5> 1ene 2007</h5>
                        </div>
                                            </div>
                                    
                    <div class="exp">
                        <div class="hgroup">
                            <h4>François Luchaire, un républicain au service de la République /<span>Publications de la Sorbonne</span></h4>
                            <h5>1ene 2005</h5>
                        </div>
                                            </div>
                                    
                    <div class="exp">
                        <div class="hgroup">
                            <h4>Legislació i jurisprudència constitucional del Principat d’Andorra /<span>Fundació Julià Reig</span></h4>
                            <h5>1ene 2003</h5>
                        </div>
                                            </div>
                                    
                    <div class="exp">
                        <div class="hgroup">
                            <h4>L&#039;economia andorrana en el canvi de segle / Publicado por <span>Fundació Julià Reig</span></h4>
                            <h5>1ene 2001</h5>
                        </div>
                                            </div>
                                </div>
            </div>
        </div>
    </div>
</div>
<div class="row text-center">
    <div class="col-md-12 btn-email">
    	<a class="btn lowercase" href="mailto:notaria@notariabartumeu.com">notaria@notariabartumeu.com</a>
    </div>
</div></div></div></div></div></section><section class="kc-elm kc-css-137636 kc_row"><div class="kc-row-container  kc-container"><div class="kc-wrap-columns"><div class="kc-elm kc-css-941258 kc_col-sm-12 kc_column kc_col-sm-12"><div class="kc-col-container"></div></div></div></div></section></p>
